.
111
What is -18 (base 16) in base 8?
-30
121 (base 3) to base 7
22
What is -1d (base 16) in base 7?
-41
Convert -102 (base 3) to base 13.
-b
What is -4 (base 6) in base 14?
-4
What is -3 (base 14) in base 9?
-3
What is -3 (base 13) in base 8?
-3
-12 (base 4) to base 16
-6
What is 121 (base 8) in base 15?
56
-27 (base 15) to base 10
-37
8 (base 11) to base 9
8
-31 (base 8) to base 2
-11001
-70 (base 10) to base 14
-50
What is -24 (base 11) in base 15?
-1b
Convert 26 (base 8) to base 11.
20
What is 127 (base 9) in base 8?
152
What is -301 (base 4) in base 12?
-41
What is 10 (base 4) in base 10?
4
What is 1 (base 7) in base 5?
1
What is -14 (base 15) in base 7?
-25
Convert 201 (base 6) to base 4.
1021
10 (base 2) to base 9
2
Convert 22 (base 9) to base 4.
110
8 (base 16) to base 5
13
Convert 5 (base 13) to base 4.
11
Convert -2 (base 15) to base 10.
-2
Convert -102 (base 7) to base 2.
-110011
What is 0 (base 9) in base 16?
0
Convert -142 (base 13) to base 7.
-436
What is 8 (base 12) in base 13?
8
What is 7 (base 15) in base 5?
12
What is -1024 (base 5) in base 9?
-164
What is -3 (base 16) in base 9?
-3
-1100 (base 3) to base 6
-100
79 (base 11) to base 10
86
1 (base 14) to base 10
1
10001010 (base 2) to base 14
9c
25 (base 10) to base 7
34
-1 (base 16) to base 2
-1
Convert -23 (base 8) to base 13.
-16
What is -131 (base 5) in base 10?
-41
Convert 0 (base 4) to base 6.
0
What is 7 (base 13) in base 7?
10
-70 (base 8) to base 16
-38
0 (base 14) to base 10
0
Convert 11110 (base 3) to base 12.
a0
Convert -53 (base 8) to base 3.
-1121
43 (base 11) to base 9
52
What is 1001110 (base 2) in base 13?
60
-100 (base 3) to base 2
-1001
What is 266 (base 7) in base 16?
92
What is 10 (base 8) in base 4?
20
10012 (base 3) to base 8
126
Convert 10 (base 3) to base 14.
3
13 (base 8) to base 16
b
-101 (base 4) to base 8
-21
What is -112 (base 3) in base 7?
-20
10 (base 6) to base 15
6
Convert -4 (base 6) to base 16.
-4
Convert 4 (base 5) to base 15.
4
Convert 10 (base 8) to base 11.
8
110010 (base 2) to base 9
55
-145 (base 8) to base 2
-1100101
What is 0 (base 5) in base 8?
0
What is -3 (base 16) in base 4?
-3
Convert -4 (base 12) to base 3.
-11
Convert -36 (base 9) to base 13.
-27
What is 101012 (base 3) in base 9?
335
-20 (base 3) to base 16
-6
10111 (base 2) to base 15
18
Convert a (base 15) to base 2.
1010
Convert 15 (base 8) to base 16.
d
What is 14 (base 9) in base 8?
15
What is 1 (base 12) in base 11?
1
3 (base 7) to base 14
3
What is -1 (base 11) in base 15?
-1
What is -24 (base 6) in base 13?
-13
What is -31 (base 7) in base 6?
-34
Convert 15 (base 16) to base 7.
30
-33 (base 5) to base 13
-15
What is -4 (base 6) in base 15?
-4
What is -17 (base 9) in base 6?
-24
What is -10 (base 15) in base 4?
-33
What is 160 (base 10) in base 8?
240
Convert 16 (base 14) to base 15.
15
Convert -1a0 (base 11) to base 3.
-22120
What is 1103 (base 4) in base 11?
76
Convert 23 (base 5) to base 15.
d
What is 25 (base 13) in base 3?
1011
Convert -12 (base 11) to base 4.
-31
18 (base 10) to base 4
102
Convert -4 (base 14) to base 10.
-4
What is 17 (base 9) in base 14?
12
75 (base 9) to base 7
125
63 (base 7) to base 2
101101
Convert -45 (base 8) to base 9.
-41
212 (base 3) to base 15
18
20 (base 12) to base 4
120
Convert -420 (base 7) to base 2.
-11010010
-3 (base 5) to base 11
-3
What is -31 (base 9) in base 7?
-40
Convert 1 (base 14) to base 4.
1
What is -6 (base 7) in base 13?
-6
What is 2 (base 8) in base 14?
2
What is -32 (base 16) in base 15?
-35
What is -13e (base 15) in base 8?
-434
10 (base 11) to base 8
13
Convert -9 (base 11) to base 15.
-9
13 (base 8) to base 13
b
What is -2 (base 8) in base 3?
-2
What is 14 (base 8) in base 6?
20
What is -1 (base 13) in base 15?
-1
What is 6 (base 9) in base 7?
6
2 (base 11) to base 5
2
Convert 1 (base 14) to base 2.
1
Convert -f (base 16) to base 15.
-10
What is -6 (base 8) in base 9?
-6
320 (base 7) to base 3
12222
-1 (base 16) to base 6
-1
Convert 165 (base 7) to base 9.
116
15 (base 6) to base 15
b
Convert 60 (base 14) to base 8.
124
-3 (base 9) to base 7
-3
-34 (base 6) to base 13
-19
What is 35 (base 8) in base 12?
25
Convert 2 (base 12) to base 13.
2
What is -55 (base 6) in base 12?
-2b
What is -16 (base 13) in base 15?
-14
Convert -32 (base 9) to base 13.
-23
-11 (base 12) to base 2
-1101
-3 (base 9) to base 8
-3
Convert 152 (base 6) to base 13.
53
What is 14 (base 11) in base 16?
f
1001 (base 2) to base 14
9
-b (base 14) to base 13
-b
-16 (base 7) to base 8
-15
-5 (base 15) to base 13
-5
310 (base 8) to base 3
21102
-15 (base 15) to base 2
-10100
What is -21 (base 9) in base 13?
-16
What is 20 (base 12) in base 15?
19
What is 0 (base 10) in base 11?
0
-11222 (base 4) to base 12
-262
-100100 (base 2) to base 3
-1100
2 (base 7) to base 5
2
Convert -2 (base 14) to base 15.
-2
What is -10 (base 7) in base 10?
-7
Convert -3 (base 9) to base 12.
-3
What is 24 (base 7) in base 2?
10010
-1021 (base 3) to base 2
-100010
1 (base 11) to base 14
1
10 (base 14) to base 6
22
What is -133 (base 4) in base 15?
-21
Convert -1 (base 8) to base 15.
-1
-300 (base 7) to base 13
-b4
-3 (base 13) to base 11
-3
What is -5 (base 9) in base 2?
-101
Convert 1 (base 8) to base 10.
1
What is -4 (base 15) in base 8?
-4
What is -18a (base 13) in base 5?
-2113
What is 63 (base 12) in base 3?
2210
Convert -4c (base 15) to base 7.
-132
4 (base 7) to base 5
4
What is -3 (base 4) in base 7?
-3
What is 3 (base 11) in base 12?
3
What is -6 (base 8) in base 9?
-6
Convert -4 (base 13) to base 8.
-4
What is d2 (base 14) in base 12?
134
-33 (base 4) to base 9
-16
Convert 55 (base 16) to base 5.
320
What is 6 (base 10) in base 13?
6
Convert -1110 (base 2) to base 9.
-15
220 (base 7) to base 16
70
What is -101 (base 9) in base 4?
-1102
10 (base 5) to base 14
5
Convert -31 (base 7) to base 12.
-1a
-5 (base 12) to base 13
-5
What is -3 (base 12) in base 3?
-10
c4 (base 13) to base 4
2200
-2 (base 9) to base 16
-2
2 (base 5) to base 13
2
What is 30 (base 5) in base 4?
33
Convert 1 (base 11) to base 7.
1
14 (base 7) to base 3
102
What is 2130 (base 4) in base 16?
9c
Convert 33 (base 14) to base 10.
45
-41 (base 9) to base 11
-34
Convert -5 (base 11) to base 10.
-5
Convert -1001 (base 2) to base 7.
-12
What is 35 (base 7) in base 8?
32
What is 53 (base 15) in base 8?
116
38 (base 13) to base 2
101111
2 (base 9) to base 12
2
Convert 14 (base 5) to base 7.
12
Convert 22122 (base 3) to base 9.
278
What is 5 (base 8) in base 2?
101
-3 (base 8) to base 3
-10
-3 (base 16) to base 6
-3
Convert -2021 (base 3) to base 10.
-61
Convert 1a (base 12) to base 3.
211
What is 0 (base 3) in base 9?
0
Convert 4 (base 10) to base 7.
4
3 (base 5) to base 4
3
What is 2 (base 7) in base 9?
2
5d (base 16) to base 7
162
What is 1242 (base 6) in base 3?
102122
Convert 14 (base 6) to base 7.
13
38 (base 14) to base 16
32
What is -22 (base 7) in base 5?
-31
-2 (base 5) to base 9
-2
What is -13 (base 5) in base 8?
-10
Convert 6 (base 12) to base 8.
6
Convert 20 (base 13) to base 15.
1b
12 (base 12) to base 14
10
Convert 41 (base 11) to base 13.
36
Convert -1 (base 2) to base 10.
-1
Convert -130 (base 12) to base 11.
-154
What is -2323 (base 5) in base 4?
-11102
-35 (base 10) to base 14
-27
Convert 1 (base 5) to base 16.
1
15 (base 8) to base 10
13
What is 22 (base 9) in base 10?
20
What is 12 (base 8) in base 3?
101
1112 (base 3) to base 14
2d
What is -78 (base 13) in base 12?
-83
What is 58 (base 12) in base 10?
68
What is -1010 (base 3) in base 13?
-24
What is -33 (base 16) in base 2?
-110011
What is 121 (base 3) in base 12?
14
Convert 1 (base 13) to base 9.
1
Convert -3 (base 5) to base 12.
-3
Convert -101 (base 2) to base 3.
-12
What is -20 (base 9) in base 16?
-12
What is 11 (base 2) in base 12?
3
What is -2b (base 13) in base 4?
-211
-6 (base 13) to base 3
-20
What is -11110 (base 2) in base 3?
-1010
32 (base 7) to base 2
10111
-1101101 (base 2) to base 11
-9a
Convert 110 (base 2) to base 10.
6
What is -3 (base 14) in base 8?
-3
Convert 6 (base 8) to base 15.
6
What is -7 (base 15) in base 6?
-11
Convert -1 (base 6) to base 15.
-1
-100001010 (base 2) to base 7
-530
What is -1 (base 9) in base 13?
-1
What is -6 (base 14) in base 12?
-6
-1 (base 8) to base 14
-1
What is 281 (base 9) in